 is the ten thousands digit of 765066?
6
What is the hundreds digit of 3691243?
2
What is the thousands digit of 1385134?
5
What is the hundreds digit of 34167?
1
What is the ten thousands digit of 796297?
9
What is the tens digit of 399914?
1
What is the hundreds digit of 266931?
9
What is the tens digit of 149347?
4
What is the hundreds digit of 522809?
8
What is the hundred thousands digit of 393956?
3
What is the hundred thousands digit of 4013353?
0
What is the hundred thousands digit of 2483828?
4
What is the tens digit of 558773?
7
What is the millions digit of 19319130?
9
What is the units digit of 278660?
0
What is the hundred thousands digit of 566734?
5
What is the hundreds digit of 18350943?
9
What is the ten thousands digit of 729169?
2
What is the tens digit of 1446110?
1
What is the tens digit of 2770396?
9
What is the hundreds digit of 59776?
7
What is the tens digit of 3946964?
6
What is the hundreds digit of 2400140?
1
What is the hundred thousands digit of 1031213?
0
What is the tens digit of 19986462?
6
What is the ten thousands digit of 305266?
0
What is the units digit of 7879607?
7
What is the tens digit of 7121196?
9
What is the units digit of 351826?
6
What is the units digit of 158357?
7
What is the thousands digit of 2456748?
6
What is the hundreds digit of 6573968?
9
What is the units digit of 13174?
4
What is the ten thousands digit of 1080311?
8
What is the units digit of 63375?
5
What is the hundred thousands digit of 5613889?
6
What is the units digit of 1280943?
3
What is the hundreds digit of 5729972?
9
What is the units digit of 51430?
0
What is the millions digit of 1998895?
1
What is the hundreds digit of 7486445?
4
What is the units digit of 18023207?
7
What is the tens digit of 33829834?
3
What is the hundreds digit of 4540813?
8
What is the ten thousands digit of 599014?
9
What is the units digit of 259828?
8
What is the tens digit of 1126029?
2
What is the ten millions digit of 14458298?
1
What is the units digit of 1056194?
4
What is the units digit of 11034272?
2
What is the units digit of 29473?
3
What is the ten millions digit of 18531626?
1
What is the units digit of 4023589?
9
What is the ten thousands digit of 179089?
7
What is the hundred thousands digit of 711822?
7
What is the units digit of 651972?
2
What is the hundreds digit of 5926252?
2
What is the hundreds digit of 22520227?
2
What is the ten thousands digit of 30957077?
5
What is the units digit of 681378?
8
What is the tens digit of 4126137?
3
What is the thousands digit of 1526310?
6
What is the ten thousands digit of 327807?
2
What is the hundreds digit of 3825704?
7
What is the hundred thousands digit of 16446853?
4
What is the hundred thousands digit of 733136?
7
What is the hundred thousands digit of 29850005?
8
What is the tens digit of 8162305?
0
What is the thousands digit of 553659?
3
What is the units digit of 223403?
3
What is the hundreds digit of 45111?
1
What is the thousands digit of 2571071?
1
What is the units digit of 1127440?
0
What is the hundred thousands digit of 20235694?
2
What is the thousands digit of 23213?
3
What is the hundreds digit of 2081264?
2
What is the hundred thousands digit of 16307402?
3
What is the ten thousands digit of 2928805?
2
What is the units digit of 1607110?
0
What is the thousands digit of 473959?
3
What is the hundreds digit of 93376?
3
What is the hundred thousands digit of 1069927?
0
What is the hundred thousands digit of 806383?
8
What is the ten thousands digit of 63160?
6
What is the hundreds digit of 505029?
0
What is the hundred thousands digit of 558805?
5
What is the thousands digit of 1445670?
5
What is the ten thousands digit of 48508?
4
What is the thousands digit of 319217?
9
What is the ten thousands digit of 1347463?
4
What is the ten thousands digit of 207485?
0
What is the hundreds digit of 25227993?
9
What is the units digit of 1071445?
5
What is the tens digit of 4011552?
5
What is the units digit of 163862?
2
What is the ten thousands digit of 9525952?
2
What is the thousands digit of 1810171?
0
What is the hundred thousands digit of 276031?
2
What is the thousands digit of 447323?
7
What is the hundreds digit of 105480?
4
What is the ten thousands digit of 5488227?
8
What is the hundred thousands digit of 1264137?
2
What is the ten thousands digit of 19499405?
9
What is the thousands digit of 341605?
1
What is the thousands digit of 456594?
6
What is the tens digit of 440503?
0
What is the thousands digit of 222398?
2
What is the tens digit of 17916665?
6
What is the ten thousands digit of 455907?
5
What is the units digit of 2230221?
1
What is the units digit of 7611031?
1
What is the tens digit of 682655?
5
What is the ten thousands digit of 18605986?
0
What is the units digit of 4338965?
5
What is the thousands digit of 545899?
5
What is the units digit of 10369199?
9
What is the thousands digit of 153755?
3
What is the units digit of 8681446?
6
What is the ten millions digit of 20518113?
2
What is the tens digit of 22080544?
4
What is the hundreds digit of 622247?
2
What is the thousands digit of 533770?
3
What is the thousands digit of 2365476?
5
What is the thousands digit of 14163075?
3
What is the hundreds digit of 232225?
2
What is the tens digit of 3426966?
6
What is the units digit of 2581212?
2
What is the units digit of 7502571?
1
What is the hundred thousands digit of 29784856?
7
What is the units digit of 1168417?
7
What is the hundred thousands digit of 154805?
1
What is the units digit of 134192?
2
What is the ten thousands digit of 139617?
3
What is the ten thousands digit of 10755300?
5
What is the ten thousands digit of 256763?
5
What is the units digit of 12112858?
8
What is the tens digit of 554195?
9
What is the hundred thousands digit of 22669634?
6
What is the hundred thousands digit of 100918?
1
What is the thousands digit of 5156219?
6
What is the hundreds digit of 34960?
9
What is the ten thousands digit of 154963?
5
What is the millions digit of 5992897?
5
What is the hundreds digit of 4677478?
4
What is the ten thousands digit of 941294?
4
What is the ten millions digit of 18716962?
1
What is the tens digit of 3596998?
9
What is the hundred thousands digit of 5771137?
7
What is the millions digit of 1958731?
1
What is the units digit of 358852?
2
What is the hundred thousands digit of 6789983?
7
What is the ten millions digit of 10159570?
1
What is the ten thousands digit of 75186?
7
What is the ten thousands digit of 22673850?
7
What is the millions digit of 9951799?
9
What is the thousands digit of 464872?
4
What is the hundreds digit of 11822?
8
What is the units digit of 425128?
8
What is the ten thousands digit of 6195223?
9
What is the millions digit of 7111235?
7
What is the hundreds digit of 670907?
9
What is the ten thousands digit of 32072066?
7
What is the ten thousands digit of 14896091?
9
What is the tens digit of 5626193?
9
What is the ten thousands digit of 450536?
5
What is the thousands digit of 10583?
0
What is the hundred thousands digit of 302903?
3
What is the hundreds digit of 1312163?
1
What is the tens digit of 1206787?
8
What is the tens digit of 147644?
4
What is the thousands digit of 1545345?
5
What is the units digit of 1568436?
6
What is the units digit of 3222269?
9
What is the units digit of 2768255?
5
What is the tens digit of 61185?
8
What is the millions digit of 2294279?
2
What is the ten thousands digit of 830618?
3
What is the units digit of 538583?
3
What is the hundred thousands digit of 9243553?
2
What is the units digit of 82887?
7
What is the hundred thousands digit of 447001?
4
What is the millions digit of 5417779?
5
What is the thousands digit of 827903?
7
What is the hundreds digit of 65151?
1
What is the ten thousands digit of 55716?
5
What is the hundred thousands digit of 888872?
8
What is the ten thousands digit of 9632221?
3
What is the hundreds digit of 11981377?
3
What is the ten thousands digit of 4894617?
9
What is the thousands digit of 1311680?
1
What is the ten thousands digit of 739187?
3
What is the hundreds digit of 93989?
9
What is the ten thousands digit of 31203?
3
What is the millions digit of 3337570?
3
What is the hundreds digit of 4864531?
5
What is the thousands